6 - x**2. Let i(a) be the first derivative of f(a). Give i(-3).
-4
Suppose 6*s = 25 + 5. Let j(z) = z**2 - 9*z + 7. Determine j(s).
-13
Let v be (-8)/5 - (-3)/5. Let s(z) = z + 1. Let f(k) = 6*k + 3. Let u(t) = v*f(t) + 3*s(t). Give u(-2).
6
Let w be (2 + 0)/((-4)/(-10)). Let l(c) = -3*c - 17. Let x(q) = q + 9. Let m(r) = -2*l(r) - 5*x(r). Determine m(w).
-6
Let z(i) = 2*i + 7. Let f be z(-5). Let x be f + (0/(-2))/(-3). Let o(v) = 0*v - 2 - 2*v + 3*v. Calculate o(x).
-5
Let g(u) be the second derivative of 0 + 1/2*u**2 - 2*u - 1/3*u**3. What is g(3)?
-5
Let g(p) be the second derivative of -3*p**5/20 + p**4/6 - 2*p**3/3 + 3*p**2/2 + 12*p. Give g(2).
-21
Let j(r) be the third derivative of 1/24*r**4 - 5*r**2 + 0 + r**3 + 0*r. Give j(0).
6
Let w(n) = n + 6. Suppose -1 = 2*d - 9, -2*d + 12 = 2*z. Let m be -2 + (-2*1)/z. Calculate w(m).
3
Let z(t) = 3*t**2 - 22*t - 21. Let n(y) = -y + 1. Let f(l) = l**2 - 10*l - 4. Let r(q) = -f(q) + 3*n(q). Let i(b) = -7*r(b) - 2*z(b). Calculate i(6).
-1
Let p = 2 + 3. Let f(x) = 1 + x + p + 1. Suppose -3*r = 5 + 7. Calculate f(r).
3
Let r(a) = a - 5*a**3 - 3 + 4*a**2 + 4*a**3 + 0. Suppose 6 = 4*k + 2*d, -2*k + 3*d + 13 = 2*d. What is r(k)?
1
Suppose 0 = -5*z - 2*l - 23, -z - 5*l + 9 - 32 = 0. Let a(b) = b**3 + 3*b**2 + 3*b - 2. What is a(z)?
-11
Let b = 5 - 6. Let i be (b + 9)*4/(-8). Let d(u) = u**2 + u - 2. Give d(i).
10
Let a(q) = q - 9. Let x be a(6). Let j(o) = 2*o**2 + 4*o + 3. Determine j(x).
9
Let a(o) = -1 + 6*o - 26*o**2 + 43*o**2 - 18*o**2. Calculate a(4).
7
Let d(k) = -k**2 - k. Suppose 2*f - 3*f = 0. Let w(j) = 1 + f - 2 + j - 2. Let l be w(3). Determine d(l).
0
Let r(t) = -36 - 31 + 66 + 2*t. Let g(n) = -8*n + 3. Let x(f) = 2*g(f) + 9*r(f). Calculate x(3).
3
Let v(n) be the second derivative of n**3/6 + 5*n**2 + 33*n. Determine v(-7).
3
Let m(z) = -3*z**3 - 11*z**2 - 6. Let c(p) = p**3 + 4*p**2 + 2. Let l(f) = -11*c(f) - 4*m(f). Determine l(2).
10
Let r = 1 - 6. Let h be (-3)/(-2) + (-57)/(-2). Let u(p) = -6 - 2*p**2 - h*p + p**2 + 23*p. Give u(r).
4
Suppose 0 = -8*j + 3*j + 2*r + 5, -26 = -2*j - 4*r. Let l(m) = 5*m**2 + 5*m + 7. Let y(q) = q**2 + 1. Let n(c) = l(c) - 6*y(c). Determine n(j).
7
Suppose -54 = -2*s - 0*s. Let a be (-4)/(-3)*s/6. Let y(t) = t**3 - 5*t**2 - 5*t - 7. What is y(a)?
-1
Let c(i) = -i**3 + 2*i**2 + 3*i + 3. Let o(z) = -z**2 + 9*z - 11. Let m be o(7). What is c(m)?
3
Let x(l) = -2*l - 3. Suppose -4*z - 17 = -5*z. Suppose 0 = -2*o - 5*b + z, o + 4*b = 5*o + 36. What is x(o)?
5
Suppose -5*z + 3*r = -9, -3*z + 6 = -r - r. Let y(d) = d**3 - d**2 - d - 2. Calculate y(z).
-2
Let d(m) = 5*m**2 - m - 11. Let s(t) = 9*t**2 - 2*t - 21. Let y(x) = 7*d(x) - 4*s(x). Let b(i) be the first derivative of y(i). Determine b(2).
-3
Suppose -2*k = 4*s - 44, 0 = 4*s - 7*s - 5*k + 33. Let y = -15 + s. Let h(i) = -i. What is h(y)?
4
Suppose -o + 19 = -4*v, -2*o - v + 12 = 1. Let x be 1 - 3*o/3. Let u(z) = -z**2 - 6*z + 1. Let s be u(x). Let t(n) = -6*n + 1. Calculate t(s).
-5
Let s(j) be the second derivative of -j**3/6 - 2*j**2 - 11*j. Determine s(0).
-4
Let b(y) = -y + 6. Let o be (-1 + 0 + 0)*1. Let x = -9 + 14. Let s = o + x. Determine b(s).
2
Let f be (9/(-6))/((-3)/4). Let q(o) = 5*o**f + 0*o**2 + o**3 - 3*o - 4 - 2 - 4*o. Calculate q(-6).
0
Let c(l) = -20 + 31 - 10 - 5*l. Determine c(2).
-9
Let q be (0/3 + 0)/1. Let f(x) = q*x - 2*x - 3*x**3 + 3*x + 1. Let w = 0 + -1. What is f(w)?
3
Let j(x) be the second derivative of -x**8/6720 + x**7/504 - x**6/144 + x**5/120 - x**4/4 + 5*x. Let h(f) be the third derivative of j(f). Give h(4).
-3
Let u(p) = -p**3 - p**2. Suppose d = -3*d + 24. Suppose -n - d = -0. Let w(b) = -5*b**3 + 4*b - 6. Let i(s) = n*u(s) + w(s). Calculate i(-5).
-1
Let x(g) = 2*g. Suppose 0 = -4*u + 3*u + 1. Let z be (-1)/u + 2 + -1. Suppose z*j = j - 1. Determine x(j).
2
Let d(r) = r**2 - 12*r - 10. Let b be d(13). Let j(p) = 2 + 3*p**2 - b*p**2 + 0*p**3 - 2*p + p**3. Give j(2).
6
Let v(w) = 6*w**3 - w + 1. Let i(h) = h**2 + 2*h - 4. Let d be i(-4). Suppose -5*n = s + 1 - 5, d*s - 2*n + 94 = 0. Let f be 7/s*3*-1. Give v(f).
6
Let z(g) = 2*g - 8. Suppose 0 = -i - 3, l + 3*l = i + 27. Determine z(l).
4
Let s(h) be the first derivative of h**4/24 - 5*h**3/6 - h**2/2 + 1. Let t(m) be the second derivative of s(m). Give t(0).
-5
Let o(k) = -k + 8. Suppose 2*l = -2*w - 20, -5*l - 2*w - 32 = -l. Determine o(l).
14
Let t(p) = p. Let a be t(5). Suppose -3*w = -a*w + 6. Let h(n) = 2*n**2 - 4*n + 1. What is h(w)?
7
Let u(b) = b + 0*b - 8 + 3. Suppose -2 = 2*o, -2*y + 4*o = y - 4. What is u(y)?
-5
Let q(x) be the third derivative of x**6/120 + x**5/30 - x**4/24 + x**3/6 + 9*x**2. Give q(-3).
-5
Let b(z) be the second derivative of -z**6/360 - z**5/20 + 5*z**4/24 - z**3 + 5*z. Let u(g) be the second derivative of b(g). Calculate u(-6).
5
Let g = 4 - -8. Let a = -8 + g. Let c(k) be the second derivative of k**5/20 - k**4/4 - k**3/3 + 2*k**2 - k. Determine c(a).
12
Let g = -2 - -1. Let c(w) = 11*w**2 - 3*w. Let s(u) = -86 - 16*u**2 + 86 + 4*u. Let r(p) = -7*c(p) - 5*s(p). What is r(g)?
2
Let i = 7 - 14. Let g be i + (-4)/(-2 + 0). Let p(d) = -d**2 - 4*d + 5. Calculate p(g).
0
Let d(j) be the third derivative of j**6/120 + j**5/10 - j**4/24 - j**3/2 - 49*j**2 + 1. Determine d(-6).
3
Let q be 5/2*2/(-1). Let k(d) = -d**2 - 5*d - 6. Let r(f) = f**2 + 4*f + 5. Let n(a) = q*r(a) - 4*k(a). What is n(-2)?
-5
Let o(k) = -k**3 + 17*k**2 + 23*k + 14. Let c(z) = -6*z**2 - 8*z - 5. Let y(m) = 17*c(m) + 6*o(m). Calculate y(1).
-5
Let r(g) = -g + 1. Suppose 0 = 2*b - q - 11, -b - q + 8 = q. Let d(x) = x**2 - 12*x + 8. Let n(h) = b*r(h) - d(h). What is n(4)?
6
Let s(v) be the second derivative of 2*v**2 - 1/20*v**5 + 0 - 2*v - 1/4*v**4 + 2/3*v**3. Give s(-4).
4
Let b(h) be the third derivative of -h**3/6 + 7*h**2. Let l(o) be the third derivative of -o**4/24 + 5*o**3/6 - o**2. Let k(g) = -6*b(g) - l(g). Calculate k(1).
2
Let b(y) = 0 - 6*y**3 - 6*y**2 + 5*y**3 + 9 + 9*y. Determine b(-7).
-5
Suppose 4*b - 36 = -2*b. Let s(n) = -n**2 + 6*n + 4. Determine s(b).
4
Suppose 5*z - 15 = 0, 5*z - 55 = -5*r - 20. Suppose r*b + 3 = 19. Suppose 24 = 4*j + b. Let p(v) = v**3 - 5*v**2 + 7. What is p(j)?
7
Suppose -4*d + 9*a - 20 = 4*a, -2*d + 3*a = 12. Let o(w) = w - 1. Give o(d).
-1
Let n be (-6 + (0 - -3))/(-1). Let f(y) = y**3 - 4*y**2 - 4. What is f(n)?
-13
Let x(k) = 3*k**2 - 2. Suppose 5*g = -10 - 0. What is x(g)?
10
Let o(q) = -q**2 + 234*q - 232*q - 1 - 10*q**3 + q**3. Let c(a) = -a**2 - 4*a - 3. Let t be c(-2). What is o(t)?
-9
Let z(f) = -f + 1. Let m be z(-4). Let i be m/(-2)*(-4)/5. Let t(q) = -3*q - 2. Let y(v) = 2*v + 2. Let w(u) = 5*t(u) + 6*y(u). Calculate w(i).
-4
Suppose 3*d = -0*d + 6. Let s be 3 + 1 + d/(-2). Let j be (-1)/2 + s/(-2). Let a(u) = -u**3 + 3*u + 1. Determine a(j).
3
Suppose -z + 2*z - 1 = 0. Let r(j) = 3 - 1 - 3 + 0 + j. Calculate r(z).
0
Let r(u) = -33*u**2 + 17*u. Let n(g) = -4*g**2 + 2*g. Suppose 18 = 3*j + 2*o, -o + 3*o = 0. Let x(w) = j*r(w) - 51*n(w). Determine x(-1).
6
Let d(k) = 3*k**2 - 8*k - 7. Let q(a) = a**2 - a - 1. Let f(z) = d(z) - 5*q(z). Calculate f(-2).
-4
Let r(f) = 3*f - 1. Let d(l) = 5*l - 1. Let q(y) = 2*d(y) - 3*r(y). Give q(-3).
-2
Suppose -3*m - 24 = 48. Let j be m/(-20)*(-5)/(-2). Let u be -1*(-2 + j + -3). Let o(g) = 3*g**2 - 4*g + 3. Calculate o(u).
7
Let y(j) = j**3 + 3*j**2 - j - 2. Let u = 24 + -27. Determine y(u).
1
Suppose -s = -3 + 2. Let m(w) be the third derivative of -w**6/30 - w**5/60 + w**3/6 + 4*w**2. Determine m(s).
-4
Let x(a) = a**3 - 6*a**2 + 2*a - 8. Let q be (36/27)/(1*(-4)/(-18)). Calculate x(q).
4
Let i(t) = 3*t. Let c(m) = m**3 + 5*m**2 - 5*m + 5. Suppose 0 = -4*u - 5 - 19. Let f be c(u). Calculate i(f).
-3
Let c(a) = -2*a. Let p be c(1). Let z(n) = 5*n + 7. Let b(f) = 10*f + 15. Let l(x) = -2*b(x) + 5*z(x). Let i(v) = 1. Let j(k) = 3*i(k) - l(k). Calculate j(p).
8
Let z(b) be the third derivative of b**6/120 + b**5/30 + b**3/3 + b**2. Let s = -14 - -17. Suppose -s*o - 1 = 5. What is z(o)?
2
Let o(a) = a**2 - 7*a + 4. Suppose 4*s = -5*g - s + 25, 5 = g + 5*s. Suppose -n = -5*i + 15, -g*n - 5 = -2*n - 5*i. Determine o(n).
-6
Let x = -14 + 32. Suppose 3*h + 3 = x. Let w(c) = -c**3 + 6*c**2 - 8*c + 7. What is w(h)?
-8
Let q = 0 + -4. Let 